 = 5*v. What is p(v)?
2
Suppose 0 = -2*p + 2*i + 8 + 8, 4*i + 8 = -4*p. Let q(n) = -14*n + 25. Calculate q(p).
-17
Let s(w) = w**3 - 7*w**2 + w + 5. Let x = -2569 - -2576. What is s(x)?
12
Suppose -2 + 26 = -4*h. Let t(n) be the second derivative of n**5/20 + n**4/2 + n**3/6 + 4*n - 936. Give t(h).
-6
Let d = -17 + 27. Suppose -k - 3*p = -8*p + 10, -2*p = -k - d. Let r(y) = -y - 5. Calculate r(k).
5
Suppose -4*v = 2*w + 4, 4*w + 0*w - 10 = -2*v. Let z = 252 - 186. Let u(r) = -3*r - z + 4*r + 66. Calculate u(w).
4
Let g(p) be the second derivative of 11*p**3/6 - 75*p**2/2 - 2*p - 659. Calculate g(7).
2
Let a(j) = j**3 - 9*j**2 + 3*j - 6. Suppose 2*n + n - 4*b + 2 = 0, -5*n + b = -8. Suppose -4*z + 23 = 3*k, n*z = -2*k - 3*k + 43. Calculate a(k).
21
Suppose 22 = 2*x + r, 5*r = -4*x + 38 + 12. Let a = 2 + 8. Suppose -b + 32 = -5*o + a, 5*o + x = -5*b. Let g(c) = 5*c - 3. Determine g(b).
7
Suppose 13*a - 63 = 42 - 14. Let k(p) be the first derivative of p**4/4 - 7*p**3/3 - p**2/2 - 3*p + 1. What is k(a)?
-10
Let h(b) = -2*b + 9. Let a be (-84)/(-10) - (-9)/(45/(-2)). Suppose -a = 2*s - 20. Calculate h(s).
-3
Let d be (-71 - 2)*4/(24/(-6)). Let k(u) = 2*u - 35 - 74*u**3 + u**2 + d*u**3 - 3*u. Determine k(0).
-35
Let a(z) = -z**3 + 38 + 22383*z**2 - 19*z - 11192*z**2 - 11213*z**2. Give a(-21).
-4
Let r be ((-8)/14)/((-6)/21). Let n(w) = -5*w**3 - 5 - 2*w**r + 5 + w. Let k be (-2)/8*(-3)/((-24)/(-32)). Give n(k).
-6
Let m(w) = w**2 - 64887*w**3 + 129809*w**3 - 64889*w**3 - 2 - w. What is m(-1)?
-33
Let s(z) = -19*z + 14. Let a be 6/56*35 + (-1)/(-4). Give s(a).
-62
Let m(l) = -5979 - 9*l + 24*l - 5808 + 11933. Determine m(-10).
-4
Let g(q) = 2 - 5 - 18 + 5*q**3 - 4*q**3. Let l = 100 - 95. Suppose -2 = -d + p - 3*p, l*d - 3*p + 3 = 0. What is g(d)?
-21
Let p(a) be the second derivative of a**5/120 - 27*a**3 + 194*a. Let v(z) be the second derivative of p(z). What is v(4)?
4
Let t(m) = -9*m**3 + 51*m**2 - 164*m - 9. Let h(v) = 4*v**3 - 25*v**2 + 63*v + 4. Let c(z) = -5*h(z) - 2*t(z). Give c(12).
10
Let y(k) = k**3 - 8*k**2 - 2*k + 8. Let v(z) = -20*z - 632. Let p be v(-32). Calculate y(p).
-8
Suppose 3*b - 4*b = 0. Suppose b - 14 = -2*m. Let x(o) = 3*o - 4. Let u(f) = -5*f + 7. Let q(c) = -5*u(c) - 8*x(c). Calculate q(m).
4
Let s be ((-12)/2)/(138/(-644)) + -11. Let p(h) = -9*h + 155. Determine p(s).
2
Let q(c) = 9*c - 1. Suppose -2*u - 6 = 2*d, 14 = -3*d - 1. Suppose u*i + 3*f + 4 = 0, -7 = i + 5*f + 2. Determine q(i).
8
Let b(g) = 5*g - 2*g + 16*g**2 - g - 15*g**2. Suppose -4*r = 4*o - 3*r - 7, -2*r - 12 = -5*o. Let v(y) = 2*y - 6. Let k be v(o). Calculate b(k).
0
Let v(o) be the third derivative of 1/24*o**4 - 1/120*o**6 + 1/15*o**5 - 2 - 7*o**2 + 0*o + 1/2*o**3. Give v(3).
15
Let f be (2 - (-15)/(-6))*2. Let c(n) = 839 - 838 + 135*n**3 - 136*n**3. What is c(f)?
2
Let i(q) = -11*q**2 + 229*q + 40. Let m(s) = 5*s**2 - 103*s - 19. Let p(v) = -4*i(v) - 9*m(v). Determine p(16).
-69
Let z be -3 + 35/(315/162). Let t(n) be the first derivative of -2*n - z + 1/2*n**2. Calculate t(-7).
-9
Let l(y) be the first derivative of -1/2*y**2 - 13*y - 129. What is l(-5)?
-8
Let y(x) = -x + 2*x**2 - x**3 + 6*x**2 + 1 - 4*x**2. Let t(h) = -h**2 - 60*h + 330. Let n be t(-65). Determine y(n).
-29
Let p(r) = -r - 1. Let t(u) = -7. Let f(z) = -p(z) - t(z). Suppose 96*h + 76 = -212. Give f(h).
5
Suppose -4*y + 8 = t, 3*t = -4*y + 7*t + 8. Let s be y/2*(46 + -16). Let m(g) = -s - 2*g + 36 - 16. Give m(-7).
4
Let c(d) = 5*d - 41. Let h be 3/(-1) - ((-26 - -10) + 6). Calculate c(h).
-6
Let d(m) be the third derivative of -m**4/12 - m**3/6 + 3*m**2 - 11*m + 5. Suppose 1 = -t - 2*i - 3, 8 = -2*t - 5*i. Give d(t).
7
Let d(y) = -y**3 - 14*y**2 - 8*y + 18. Suppose 16 = -4*i + 9*n, -1 = 3*i + n + 42. Determine d(i).
-47
Let u(p) = -5*p - 1. Let q(s) = 2*s - 13. Let h be q(8). Let v(b) = 4*b + 2. Let z(x) = h*u(x) + 4*v(x). What is z(-13)?
-8
Let v(w) = w - 1. Let s(t) be the second derivative of -t**4/12 + 5*t**3/6 - 3*t**2/2 - 10*t. Let m(r) = s(r) + 3*v(r). Let l be (3/1)/(8/16). Calculate m(l).
6
Let l(f) = -22*f**2 - 17*f - 44. Let j(k) = -62*k**2 - 50*k - 135. Let y(g) = -6*j(g) + 17*l(g). Calculate y(-4).
-14
Let a(w) = -2*w + 2. Suppose -5*c + 115 = 95. Suppose -3*j = -4*j - c. Calculate a(j).
10
Let x = 47 - 41. Let s(d) = -36*d**3 + x*d**2 - d - 4*d**2 + 21*d**3. Let r(m) = 46*m**3 - 7*m**2 + 4*m. Let c(v) = 2*r(v) + 7*s(v). Calculate c(-1).
12
Suppose 0 = 6*h - 27 - 27. Suppose 0 = 2*j + 5*p + 6, -3*j - 5*p = -10*p + h. Let o(k) = -k**3 - 3*k**2 + k + 2. Give o(j).
-1
Let z(l) be the second derivative of -5*l**3/6 + 19*l**2 - 7205*l. Give z(5).
13
Suppose -7*p - 175 + 4949 = 0. Let z = 681 - p. Let h(g) = -7*g**3 + g**2 + g. Calculate h(z).
7
Let q(x) = x**3 - 4*x**2 + 3*x. Suppose 10*o = 69 + 21. Let s = o - -25. Suppose -11*b = 1 - s. Determine q(b).
0
Suppose 2*t - 5*t - 3*l = -33, 38 = 3*t + 4*l. Let u(s) = -9 - 398*s + 97*s + 105*s + 102*s + 95*s. What is u(t)?
-3
Suppose -31*v + 73 = -82. Let t(z) be the second derivative of 5/6*z**3 - z**2 + 0 - v*z - 1/12*z**4. Give t(4).
2
Let j(b) = -13*b**3 - 18*b**2 + 18*b + 1. Let p(f) = -14*f**3 - 18*f**2 + 18*f + 3. Let y(n) = -13*j(n) + 12*p(n). What is y(-19)?
4
Suppose -w - 1 = 11*v - 10*v, -17 = 2*v - 3*w. Let t(j) = 6*j + 21. What is t(v)?
-3
Suppose 2*q - 20 = -2*r, 22 = 5*q - 3. Let j(w) = w**3 - 9*w**2 + 7*w + 7. Give j(r).
-58
Suppose 23*d - 38 = 4*d. Let w(b) = 2*b + 3*b**2 + 4*b**2 + 4*b - 2*b**2 - 6*b**d. Let n = 11 - 4. What is w(n)?
-7
Suppose 191 = -3*k - 13. Let c = k - -70. Let b(p) = 1 - 2 + 3*p - c*p. Determine b(5).
4
Let r(w) = -2*w**3 - w**2 + 2*w - 2. Let n(y) = -7*y**3 + 11*y**2 + 6*y - 17. Let j(o) = -n(o) + 3*r(o). Calculate j(14).
11
Let x(z) = -z**2 - 9*z + 11. Let s = 261 + -309. Let u be 6/(s/168*(-7)/(-3)). What is x(u)?
11
Suppose -19*x - 40 - 55 = 0. Suppose h = 4*b - 22, -5*b + 3*h = 2*h - 27. Let i(z) = -4 - b - 4*z + 3 + 0*z - z**2. Calculate i(x).
-11
Let j(m) = -5*m**2 - 6*m + 8. Let y(w) = 253*w - 3287. Let v be y(13). What is j(v)?
-24
Let f(r) = 2*r + 3. Let y be f(7). Let w(o) = -o**3 - 59*o**2 - 37*o**2 + 112*o**2 + 16*o + 18. What is w(y)?
1
Let a(l) = -1101032*l - 7*l**2 + 2*l**2 + 4*l**2 - 2 + 1101015*l. Let f be (2/4 - 1)*34. Calculate a(f).
-2
Let x(n) = 1. Let c(y) = -5*y + 5. Let i(d) = -c(d) + 4*x(d). Let u be ((-2)/(-4))/((-694)/(-2776)). What is i(u)?
9
Let w(j) be the first derivative of -j**4/2 - 4*j**3 + j**2/2 - j - 165. Determine w(-6).
-7
Let p(s) = -s**3 + 8*s**2 + 3. Let b(c) = -3*c**3 + 47*c**2 - 31*c + 23. Let l be b(15). Calculate p(l).
3
Let h(q) be the second derivative of q**5/20 - q**4 + 35*q**3/6 - 5*q**2 + 56*q. Let y be h(4). Let w(k) = -3*k**3 + 2*k - 1. Determine w(y).
-21
Let h(p) = 2*p**2 - 9*p + 10. Let l be h(4). Suppose 2 = l*i - 10. Let z(x) = 2*x + 0*x**i - 65 + 71 + 3*x - 2*x**2. Give z(5).
-19
Let r = 15086 - 15072. Let q(a) = -4*a - 14. What is q(r)?
-70
Let t(f) = -48 + 0*f - 8 + 7*f - 51. What is t(13)?
-16
Let y(j) = -6*j - 73. Suppose 54*z - 35 = 5*v + 49*z, -v + 2*z - 3 = 0. What is y(v)?
-7
Suppose -o - 2*w + 472 = 0, 4*o = -3*w - 902 + 2785. Let q = -468 + o. Let h(t) = -t**3 - 3*t**2 + 2*t. Calculate h(q).
-16
Let r(g) = -7*g**3 + 0 + 8 - 3*g + 3*g**3 - 4*g**2 - 2 - 5*g**3. Let c be r(1). Let t(j) = -2*j**2 - 19*j + 7. Calculate t(c).
-3
Let w be (-3 - (-1 + 1)) + 14 + -3. Suppose -w + 18 = 5*q. Let t(g) = q + g - 3 - 8*g - 2*g. Give t(-1).
8
Suppose -129 = 21*c - 339. Let n(g) = g**2 - 4*g - 120 + c*g**3 + 120 + 5*g. Calculate n(-1).
-10
Let u(y) be the first derivative of -y**4/4 - 28*y**3/3 - 17*y**2 - 195*y - 9542. What is u(-27)?
-6
Let c be (2 + -2 - -32) + -4. Suppose -f + 2*i = i - 12, 3*i = -f + c. Let y(j) = -j + f - j**2 + 0*j - 10. What is y(0)?
6
Let x(a) be the third derivative of -1/60*a**5 + 0*a - a**3 + 2*a**2 + 0 - 5/24*a**4. Let t be x(-2). Let j(m) = -m + 6. Determine j(t).
6
Let o(y) = 4*y + 45. Let k(u) = 2*u**2 + 16*u - 222. Let g be k(-15). What is o(g)?
-3
Let v(c) = c**3 - c**2 - c - 1. Let z(o) = -11*o**3 - 5*o**2 - 3*o - 2. Let d be (-169)/143 - (-6)/33. Let b(q) = d*z(q) + 3*v(q). Give b(1).
15
Let x(t) be the third derivative of -t**6/120 + 19*t**5/60 + 7*t**4/8 - 7*t**3/3 - 3967*t**2. What is x(20)?